 be k(1). Suppose 13 = 2*a - o. List the prime factors of a.
3, 5
Let f = 43 + -25. Let g be (f/(-2))/((-6)/4). What are the prime factors of g/(-15) + 27/5?
5
Suppose -c + 3 = -2*c, 5*x = -4*c - 87. Let p be ((-12)/5)/(3/x). Suppose 45 = 5*v - 5*h, p = v - h - 3*h. What are the prime factors of v?
2
Let u(b) = b + 5. Let j be u(0). Let s(a) = -3 + 4*a**2 + 2 - 4*a**3 + j*a**3 - 1. List the prime factors of s(-3).
7
Let z be 3/(0 + 3/14). Suppose -4*s = -46 + z. List the prime factors of s.
2
Let w = 10 + 6. Suppose -5*z - 3*u + 40 = 0, -2*z - 2*u = 2*u - w. What are the prime factors of z?
2
Suppose 5*r - 202 = b + 57, 0 = 2*r + 3*b - 90. What are the prime factors of r?
3, 17
Suppose 2 + 2 = 2*f. Let h(v) = v**2 + 8*v + 7. Let d be h(-7). Suppose f*y = d, 0 = -s + 3*y + 10 - 2. List the prime factors of s.
2
Let d = -28 + 39. Let s = d - 4. What are the prime factors of (-1 + s)*(-48)/(-18)?
2
Suppose y - 7 = -5. Suppose -13 + 5 = -y*p. What are the prime factors of p?
2
Suppose 6*u - 5*u - 12 = v, -2*v + 72 = 4*u. List the prime factors of u.
2
Let j = -11 - -23. What are the prime factors of j?
2, 3
Suppose 4*u = -4*h + 156, 3*u = 2*h - 15 - 88. List the prime factors of h.
2, 11
Suppose -117 = -3*b + 3*a, 0 = 4*b - 8*b + a + 159. What are the prime factors of b?
2, 5
Suppose 0 = -f + 2*f + 5. Let t(r) = r**3 + 4*r**2 - 6*r - 3. List the prime factors of t(f).
2
Suppose 0 = n - 4, 3*n + 0 = -4*x + 28. Suppose 2*c + c = 2*q - 38, x*q + 4*c - 36 = 0. List the prime factors of q.
13
Suppose 0*l = 4*l + 28. Let d = l - -12. Suppose -2*o + 3*o + 12 = d*g, -2*o - 9 = -5*g. What are the prime factors of o?
3
Suppose -6*n + 10*n = 28. Suppose 10*o - n*o - 90 = 0. List the prime factors of o.
2, 3, 5
Suppose -5*p = -4*p - 2*g + 20, -5*p - 3*g - 74 = 0. Let c be 2/8 - 35/(-20). What are the prime factors of 1 + (c - 5) - p?
2, 7
Let p = 11 - 8. Suppose 3*s - 14 = -s + 2*g, -p*g = s - 7. Let x = s - 1. What are the prime factors of x?
3
Suppose 1 - 101 = 4*z. Let o = z + 40. List the prime factors of o.
3, 5
Let d(n) = n - 3. Let r be d(3). Suppose r = 5*k + p + p + 80, 5*k = -p - 85. Let c = -4 - k. What are the prime factors of c?
2, 7
Suppose -t + 60 = -3*p, 4*t - 2*p = 22 + 248. List the prime factors of t.
3, 23
Suppose 5*d - 2463 = -83. List the prime factors of 3/2*d/42.
17
Suppose 2*y - 7*y = 20. What are the prime factors of 0/y + 13 - 1?
2, 3
Let l(v) = -7*v**2 - v. Let g be l(-1). Let o = g + 8. What are the prime factors of o?
2
Let r(y) = 2*y + 48. List the prime factors of r(0).
2, 3
Suppose -o - o = -610. List the prime factors of o.
5, 61
Suppose 2*a + 5 = 5*o - 3, -2*a - 2 = -2*o. Suppose -4*s + o*g + 0 = -28, 18 = 3*s - 3*g. List the prime factors of s.
2
Let f(z) = -z**3 + 13*z**2 + 16*z + 4. What are the prime factors of f(14)?
2
List the prime factors of (-68)/(-2) + 20/5.
2, 19
Let n(m) be the third derivative of m**4/24 + m**3 - 2*m**2. Let i = 20 - 14. List the prime factors of n(i).
2, 3
Let t(k) = -k**3 - 6*k**2 + 5*k. Let v be t(-7). Suppose -d = d - v. What are the prime factors of d?
7
Let o be 1/(-2*(-3)/30). Suppose o*a + 1 = 61. What are the prime factors of a?
2, 3
Let i = -116 - -350. What are the prime factors of i?
2, 3, 13
Let w(x) = -15*x + 10. Let h(c) = 10*c - 7. Let p(d) = -7*h(d) - 5*w(d). List the prime factors of p(1).
2
Suppose 2*o - 16 = -2*o. List the prime factors of o.
2
Let k = 3 + -1. Let t = 4 - k. What are the prime factors of t?
2
Let p = 146 - 98. Let s be 8 + (-2 - (-2 - -1)). Suppose -p = 3*y - s*y. List the prime factors of y.
2, 3
Let m = 29 - -19. List the prime factors of m.
2, 3
List the prime factors of -2 - (0 - 29/1).
3
Let k be 1 + (-1 - (-18 - 0)). Suppose 4*m - 2*s = 26, -2*m + 2*s + k = -0*s. Suppose m*o - o - 18 = 0. List the prime factors of o.
2, 3
Suppose 2*r = l - 4, -3*r + 4*l + 10 = -8*r. Let t(n) = 2*n**2 + 3*n + 2. List the prime factors of t(r).
2
Suppose 0*k + 2*q = 4*k - 152, -2*k + 2*q + 76 = 0. What are the prime factors of k?
2, 19
Suppose 15*y - 148 = 14*y. What are the prime factors of y?
2, 37
Let j = -5 - -16. Suppose -4 - j = -5*k. List the prime factors of k.
3
Suppose -5*f = 18 - 3. List the prime factors of (f/5)/((-5)/25).
3
List the prime factors of -5*4/(-10) + 75.
7, 11
Suppose 49 = i + 12. List the prime factors of i.
37
List the prime factors of (52/(-6))/((-1)/6).
2, 13
What are the prime factors of (-6)/(-9) - (-943)/3?
3, 5, 7
Suppose 19*v = 15*v + 112. List the prime factors of v.
2, 7
Let g(p) = 7*p + 4 - p**2 - 5 + 7*p**2 - p**3. Let r be g(7). Let f = 3 - r. List the prime factors of f.
2
Let b(h) = -3*h - 4*h - 7*h**2 + 13 - 14 - h**3. Let z be b(-6). Suppose -2*t + t + 2*g = -10, 0 = -4*t - z*g + 53. What are the prime factors of t?
2, 3
Suppose -3*t + 6*t = 96. Let k = 49 - t. List the prime factors of k.
17
Let k(b) = b**2 + 6*b - b - b + 4. Let d be k(-4). List the prime factors of (15/12 - -1)*d.
3
Suppose 0 = 5*l - 4*l. Let v(g) = -g + 7. What are the prime factors of v(l)?
7
Let y = 10 + -9. Let b = 29 - y. List the prime factors of b.
2, 7
Let v = 1 - -3. Suppose -3*m - v*x = x - 16, m = -4*x + 10. What are the prime factors of m?
2
Let n(s) = 4*s + 2. Let h be n(3). Suppose i = 4, 2*a - h = 2*i + 16. What are the prime factors of a?
19
Let m = 2 + -3. Let q = 4 + m. List the prime factors of q.
3
Suppose -4*l + 5*l - 76 = 0. What are the prime factors of l?
2, 19
Let b(w) be the first derivative of w**4/4 + 2*w**3/3 - w - 13. Suppose -3*j = i - 17, 5*i - 27 = -5*j + 8. List the prime factors of b(i).
3, 5
Suppose -12 = -t - 3*t. Suppose t*c + c + 20 = 0. List the prime factors of 3 - c*(2 + -1).
2
Suppose t = -2*p + 3*t + 54, t + 56 = 2*p. What are the prime factors of p?
29
Let s be 177/3 - (-6)/(-2). Suppose 2*m + 4 = c, -7*c = -3*c + 2*m - s. What are the prime factors of c?
2, 3
List the prime factors of 9/3*246/18.
41
Suppose -3*y - 33 = -4*k, 5*k - y = -2*y + 46. Suppose 2*q - 3 = -4*g + k, 4*g + 16 = 0. List the prime factors of q.
2, 7
Let t = 102 - 1. What are the prime factors of t?
101
Let f be (-7 + 6)*2*-1. Suppose -1 = f*o - 21. List the prime factors of o.
2, 5
Let t(d) = -3*d**3 - 4*d**2 + 1. Let w be t(-3). What are the prime factors of w/(-4)*(-32)/8?
2, 23
Let k(v) = 7*v**2 - 2*v. Let x be k(-4). Suppose -x = 5*p - 10*p. What are the prime factors of p?
2, 3
Suppose -3*k + 4 = -k. Suppose -k = -5*g - z, -3*g + 4*z = -1 + 9. Suppose -5*j + 49 = -3*x, 5*j - 4*x - 14 - 38 = g. List the prime factors of j.
2
Let m(w) = -w**2 + w + 46. Let h be m(0). Suppose 5*f - h = -11. List the prime factors of f.
7
Suppose 7 = -q + 2*u + 1, -2*u = -5*q - 30. Let m be 1/2 - q/(-4). Let t = m - -10. What are the prime factors of t?
3
Let b(l) = l**3 - l**2 - 5*l + 2. Let j be b(3). Let c(v) = v**3 - 2*v**2 - 7*v + 6. What are the prime factors of c(j)?
2, 23
Suppose 5*u = 13*u - 1280. What are the prime factors of u?
2, 5
Suppose k = -0*k + 88. Suppose -4*z + k = 4*d, z - 5*d - 52 = -3*z. What are the prime factors of z?
2, 3
Suppose 13*s = 14*s - 32. What are the prime factors of s?
2
Let f(p) = 4*p**2 + p + 1. Let u be f(-1). Suppose -5*r + u*j + 2 = 0, 5*j = 3*r + 2*r - 5. Let l = 1 - r. List the prime factors of l.
3
Suppose -5*y = -5*q - 45, -2*y = 6*q - 2*q - 18. List the prime factors of y.
3
Let r = -7 - -16. Suppose 0 = 4*t + t - 15. Let q = r + t. List the prime factors of q.
2, 3
Let r be -2 - (1 - -7)/(-2). Suppose -2*h + 17 = -r*u - u, 0 = 3*h + 5*u + 22. Suppose -o - 5 = -2*f, -o - 5*f + 6*f = h. List the prime factors of o.
3
Let h(b) = -4 - 5 + 4*b + 2*b + 0. Let t be h(8). Let r = -25 + t. List the prime factors of r.
2, 7
What are the prime factors of -13*(-14 + 4 + 3)?
7, 13
Let h be 6/(-15) - (-84)/35. Let z(p) = -1 + 2*p + 0 + 2. What are the prime factors of z(h)?
5
Suppose 81*y - 80*y = 161. List the prime factors of y.
7, 23
Suppose 0*y + 2*y - 2*d - 10 = 0, y + 7 = -5*d. List the prime factors of (y/2)/(3/20).
2, 5
Let d(g) be the first derivative of -g**4/4 + 2*g**3 - 5*g**2/2 + 6*g - 1. List the prime factors of d(4).
2, 3
Suppose -5*a + 2*j + 2 = -28, -3*j + 30 = 5*a. Let r = a - 4. Let m = r - -13. List the prime factors of m.
3, 5
Suppose 7*h - 139 = 6*h - 5*k, k = -5*h + 623. What are the prime factors